(-6)*3. Suppose s*a - 2*a + 140 = 0. Let j = -19 - a. List the prime factors of j.
2
Let m = -3 + 5. Let x(h) = h**3 + 3*h**2 + m - h**2 + 3*h + 3*h**2. What are the prime factors of x(-3)?
11
Suppose 5*n - 29 = -4. What are the prime factors of n?
5
Suppose 3*n = p + 53, 5*p - 41 = -3*n - 0*p. Let k = 60 + -30. Let o = k - n. What are the prime factors of o?
13
Suppose -124 = -3*i - 4*s, -152 = -3*i - i - 2*s. List the prime factors of i.
2, 3
Let g be 3*2/3 - -3. Suppose -v = -g*j - 11 - 3, -4*v - 2*j + 78 = 0. List the prime factors of v.
19
Suppose 3*a + 4*r = 6, 3*a - 4*r = -r + 6. List the prime factors of a.
2
Let f(u) = -u + 6. Let j = 6 - 0. Let d be f(j). Suppose -4*r + r + 6 = d. List the prime factors of r.
2
Let q(t) = t**2 - 3*t. Let r be 10 + 0 + 1 + -1. Let u = r + -5. What are the prime factors of q(u)?
2, 5
Let l(z) be the third derivative of 0 - 1/30*z**5 - 1/8*z**4 + 0*z - 2*z**2 - 1/60*z**6 - 1/2*z**3. What are the prime factors of l(-2)?
11
Let g(n) = 28*n - 40. List the prime factors of g(3).
2, 11
Suppose -m = -2*j - 11, 3*m - j - 2*j - 21 = 0. Suppose -3*i + m = -12. Let n = i - -2. What are the prime factors of n?
7
Let n(q) = -q**3 + 5*q**2 + 8*q - 3. List the prime factors of n(5).
37
Let u(k) = 3*k**3 - 1. Let x be u(1). Let s be (1 + -7)*4/(-3). Let z = s + x. List the prime factors of z.
2, 5
Suppose 2*d + 18 = 8*d. Suppose 0 = -4*n + i + 2, 4*i + 3 = -5. Let x = d + n. List the prime factors of x.
3
Suppose 3*i = 149 + 10. Let d = i - 30. List the prime factors of d.
23
Suppose 3*h + 4 = -11. Let k be -1*6/(h + 2). List the prime factors of (-1)/k*24*-1.
2, 3
Let n(z) = z**2 + z - 26. Let f(t) = -3*t**2 - 3*t + 77. Let g(i) = -2*f(i) - 7*n(i). List the prime factors of g(0).
2, 7
Suppose 4*k = k + 18. Suppose -7*r + 2*r = 3*m + 2, -3*r - k = -3*m. List the prime factors of (m + 13)/(1 + 1).
7
Suppose 5 = 2*f - 3. Let p(t) = 2*t**2 - 3*t**2 - 5*t - 3 - f*t. What are the prime factors of p(-7)?
11
Let n(g) = g. Suppose 5*p - 31 = -6. Let c be n(p). Suppose c*t = t + 20. What are the prime factors of t?
5
Suppose 3*t - 72 = t. Let n be (t/(-16))/(3/(-8)). Suppose -n*h = -3*h - 33. What are the prime factors of h?
11
Let x(o) = -2*o + 3 - 5 + 3*o. Let q be x(6). List the prime factors of q/(-3)*(-4 + 1).
2
Let x = 33 - -5. List the prime factors of x.
2, 19
Let b(a) = -a**3 + 21*a**2 - 10*a + 6. What are the prime factors of b(20)?
2, 103
Let t be 1180/35 - 6/(-21). Let q = -15 + t. What are the prime factors of q?
19
Suppose 0 = -a - 0*a + 6. Suppose 0 = -4*l - 3*v + 31 + a, -4*l - 4*v = -36. List the prime factors of l.
2, 5
Suppose 3*n - 4*n = 9. Let i = 1 + n. Let y(m) = -m**3 - 9*m**2 - 9*m - 6. List the prime factors of y(i).
2
Let g(y) = y**2 + 10*y + 5. Let u be g(-7). What are the prime factors of -1*(-28)/u*-20?
5, 7
Suppose 5*i = -l + 43 - 14, 22 = 3*l + 2*i. Suppose 53 = l*r + r - 4*h, 9 = 3*h. List the prime factors of -2 + 2 + r + 0.
13
Suppose 3*c = -4*w - 0*w - 15, -w - 5 = c. Suppose 4*j - 2*j + r - 24 = w, -5*j + 59 = 2*r. What are the prime factors of j?
11
Suppose 7*v - 48 = 64. Suppose -h + 3*h + 8 = 0. Let u = h + v. What are the prime factors of u?
2, 3
Let q = -128 - -182. What are the prime factors of q?
2, 3
Suppose 0*b = -4*b. Suppose -h + 5*v - 9 = 0, -4 + b = 2*h - 3*v. What are the prime factors of (h - -2)/(9/12)?
2
Suppose -3*d + 3 = -0*d. Let w(i) = 1 + 56*i**3 - 77*i**3 + 0 + 35*i**3. List the prime factors of w(d).
3, 5
Let z(q) = -q**3 + 3*q**2 - 8*q - 16. List the prime factors of z(-5).
2, 7
Let t be (1 - 0)*-1 + 11. What are the prime factors of -7 + t + (-16)/(-2)?
11
Suppose -2*g = i - 177, -g - g = 2*i - 174. Suppose 2*m + 5*z - 29 = 0, g = 2*m - 5*z + 11. List the prime factors of m.
3
Let s = -5 + 9. Suppose -o - 28 = -4*u + 20, 2*o = s*u - 48. What are the prime factors of u?
2, 3
Let k = 0 - -12. What are the prime factors of 220/14 - k/(-42)?
2
Let x(m) = -m + 11. Let t be x(6). Suppose 20 = 3*d - t*r - 15, -4*d + 24 = -r. Suppose -5*j + d = -75. List the prime factors of j.
2
Suppose 0 = 3*x - 2*v - 31 + 3, -v - 17 = -2*x. Let g(c) = -x*c**2 + c**3 + 2*c - 2*c**3 - 4*c + 8 + 0. What are the prime factors of g(-6)?
2, 5
Suppose 0 = -2*b - 3*b + 10. Suppose 2*v - t = 4, 5*v + b*t - 2 = 8. List the prime factors of 41/v + 6/12.
3, 7
Let a be (-30)/(-9)*3/2. Suppose 21 - 1 = a*r. Suppose 2*p - p = s - 6, r*p - 18 = -2*s. List the prime factors of s.
7
Suppose -3*o - 3*w = -15, 1 - 26 = -5*o - w. Suppose 0 = 5*x - o - 5. What are the prime factors of x/5 - (-23)/5?
5
Let h be 15/10*(-20)/3. Let t = -4 - h. What are the prime factors of t?
2, 3
What are the prime factors of (-186)/(7/(-6) + (-3)/9)?
2, 31
Let v be (-60)/(-33) + 10/55. Suppose 13 - 96 = -5*g - v*j, -g - 5 = -5*j. What are the prime factors of g?
3, 5
Suppose -5*f - 60 = 15. What are the prime factors of 10/f + (-29)/(-3)?
3
Let h(w) = 2*w - 3. What are the prime factors of h(14)?
5
Suppose -5*s - 13 = -43. What are the prime factors of (84/9)/(4/s)?
2, 7
Suppose -2*u = 3*s - 8*s - 39, s = u - 9. Let h = s + 11. List the prime factors of (h/(-8))/(2/(-24)).
2, 3
Let a(q) = -8*q + 3*q**2 - 6 + 0*q**2 - 4*q**2. Let z be a(-6). Let v = z - -4. What are the prime factors of v?
2, 5
Suppose -d - 27 = -2*i, i = d - 2*i + 27. What are the prime factors of -2 + 2/2 - d?
2, 13
Let c = 15 + -2. List the prime factors of c.
13
Suppose 32 = -2*d + 3*d - 3*t, 5*d - 60 = -5*t. What are the prime factors of d?
17
Let d be (0 + 4/6)*3. Let p be -2 + 5/((-2)/2). Let c = d - p. List the prime factors of c.
3
Suppose 68 = 6*y + 20. What are the prime factors of y?
2
What are the prime factors of -4*(-2 - (14 - 3))?
2, 13
Let x = -125 + 73. List the prime factors of (8/(-2))/(8/x).
2, 13
Let r(x) = -x**3 - 5*x**2 - x - 4. Let z be r(-5). Suppose 0 = 2*h - 55 - z. List the prime factors of h.
2, 7
Suppose -w = 2*t - 422, -t = -6*w + 4*w - 206. Suppose -3*i = -8*i + t. Suppose 3*s - i = -b - 19, 0 = -3*s + 5*b + 11. What are the prime factors of s?
7
Suppose 3*d = -b - 18, 2*d + 5*b = -19 - 6. Let n = 0 - d. Suppose -2*s - 15 = -n*s. List the prime factors of s.
5
Let h = 75 + -50. List the prime factors of h.
5
Suppose 5*g + 48 = y - 3*y, 0 = -5*y + g - 120. Let d = 2 - y. What are the prime factors of d?
2, 13
Let q be 4 - 5 - (1 - 4). What are the prime factors of ((-13)/q - -3)*-2?
7
Let j(c) = 18*c. Let f be j(1). Let k be (-24)/2 - (-2 - -1). Let y = f + k. List the prime factors of y.
7
Suppose 2*c + 4*i = -6, 3*c = -5*i + i - 1. Suppose c*q - 2*v = -v + 165, 3*q - v - 99 = 0. Suppose 4*y = 7*y - q. List the prime factors of y.
11
Let o = -3 - -3. Suppose o = r + r - 8. Suppose r*s + 8 = 8*s. List the prime factors of s.
2
Let b be 1 - (1 + -5 + 2). Let z be (8/b)/((-2)/(-3)). Suppose 0 = l - 2*h - 1 - 8, z = 2*h. List the prime factors of l.
13
Let l = 3 + -3. Let s be 2 + -1 + l + 2. Suppose 0 = 2*j - i, 0 = -5*j + 2*j + s*i - 6. What are the prime factors of j?
2
Suppose -63 = -5*k + 2*k. Let x = k - 14. Let y(d) = d + 2. List the prime factors of y(x).
3
Suppose 4*f = -3*x + 145, -x = 1 - 4. Suppose f + 22 = 4*k. List the prime factors of k.
2, 7
Suppose 4*r - 3*f - 123 = r, 5*f - 83 = -3*r. Suppose 3*h = -h - 5*m, 4*h = 4*m + r. Suppose 14 = h*j - 26. What are the prime factors of j?
2
Let u = 236 + -167. What are the prime factors of u?
3, 23
Let h be (-1 - 2)/(1/(-3)). Suppose 79 = 2*k - h. What are the prime factors of k?
2, 11
Suppose -v = -5, 41 = -5*r - 5*v + 166. Suppose -2*l = -3*l + r. List the prime factors of l.
2, 5
Let w = 10 - 6. Suppose -3*r - 2*d = -84, 0*r + w*d - 38 = -r. What are the prime factors of r?
2, 13
Let q(a) be the third derivative of -a**6/120 + 7*a**5/60 + a**4/24 - a**3/6 - 3*a**2. List the prime factors of q(7).
2, 3
Suppose 2*i - 4 = -3*w, 4*i = -0*i - 2*w + 8. Let o(v) = 9*v + 0*v**i - v**2 - 2 - 2*v. What are the prime factors of o(6)?
2
Let j = -35 + 61. Let p = 36 - j. List the prime factors of p.
2, 5
Let d(q) = -q**2 - 8*q - 4. Let f be d(-8). Let l = f + 10. Suppose 2*t = 5*n + l, -24 = -2*t - n + 6. List the prime factors of t.
13
Let v be 0 - 0 - (-5 + 10). Let g be (-1)/((-1)/v) + 2. What are the prime factors of g/(-18)*3*40?
2, 5
Suppose 5*q + 3*w - 7 = 2, 0 = q + 3*w +